of j(-2)?
2
Let v = 205 - 171. What is the tens digit of v?
3
Suppose 0 = 3*c, -5*g - 2*c = 5819 - 16759. What is the tens digit of g?
8
Suppose -4*d = -2*t - 4, -2*t + 8 + 6 = 5*d. Suppose 0*r - t = 2*r. Let g(a) = -22*a - 2. What is the tens digit of g(r)?
2
Suppose -8*d = -13*d - 50. What is the tens digit of d*(-75)/14 - (-27)/63?
5
Suppose 7*i + 222 = 9707. What is the thousands digit of i?
1
Suppose -t + 1263 - 279 = 0. Suppose -773 = -3*y - 2*n - 3*n, -4*y = -5*n - t. What is the tens digit of y?
5
What is the tens digit of (-9)/27 + 2838/9?
1
Suppose 0 = 34*u - 28*u - 4026. What is the tens digit of u?
7
Let o(p) = 3*p**2 + 2*p + 4*p**2 + 67 - 3*p**2 - 5*p**2. What is the units digit of o(0)?
7
Suppose 2*h = 2*t - 8, 3*h = 2*t + 2*t - 21. Let b be (3*6)/2 + 1. Let a = b - t. What is the units digit of a?
1
Let d = 10908 - 6589. What is the hundreds digit of d?
3
Suppose -4*r = -306 + 50. Suppose -4*j = -2*j + r. Let u = -10 - j. What is the units digit of u?
2
Let s(o) = -o**2 + o + 5. Let g be s(-5). Let z = g + 37. What is the units digit of -52*(-3)/z*2?
6
Suppose r + 5*z - 446 = -3*r, r - 2*z = 118. What is the hundreds digit of r?
1
Suppose 29 = -2*w + 73. Suppose w = 4*u + 94. Let n = u + 19. What is the units digit of n?
1
Suppose 7 - 3 = 2*u. Let d(r) = -13*r**3 - 4*r**2 - 5*r - 1 + 11*r**u + 12*r**3. What is the units digit of d(6)?
5
Let w = -8 - -12. Suppose -2*s = -s + w, i = -2*s - 4. Suppose 5*v - 40 = i*v. What is the units digit of v?
0
Let j(p) = 3*p**2 - 6*p - 8. Let x(d) = d**2 - d - 1. Let v(k) = j(k) - 2*x(k). Let b = 7 + -12. What is the units digit of v(b)?
9
Suppose 1281 = -7*p + 6356. What is the tens digit of p?
2
Suppose 19028 = 7*i - 8853. What is the units digit of i?
3
Let l(m) = m**3 - 4*m**2 + 2*m. Let o be l(4). Suppose -o*r = -7*r - 52. What is the units digit of r?
2
Let s = 11964 - 6720. What is the hundreds digit of s?
2
Let g = 421 + -106. What is the units digit of 64617/g - 2/15?
5
Let f = 299 - -33. What is the tens digit of f?
3
Let v = -335 - -598. Suppose -155 = -2*h + 3*f, 4*h - 5*f - 50 = v. What is the tens digit of h?
8
Let t = -178 + 864. What is the hundreds digit of t?
6
Let n = 36 + -21. Suppose n + 33 = g. Suppose 27 + 1 = 2*r - 3*f, 4*f + g = 4*r. What is the units digit of r?
8
Let x(r) = 2*r**3 - 17*r**2 + 15*r - 29. What is the tens digit of x(10)?
2
Suppose -2*d + 116 = 2*a, 4*a + d + 19 = 260. What is the tens digit of a?
6
Let x(g) = g**2 + 7*g - 189. What is the hundreds digit of x(-48)?
7
Let m = 211 - 65. Let b = -255 + m. Let l = -67 - b. What is the units digit of l?
2
Suppose 0 = 2*h - 4 - 4. Suppose -h*s = -0*s. Suppose -69 = -s*i - 3*i. What is the tens digit of i?
2
Suppose 4*a = 5*a + d - 2581, -d = 2*a - 5157. What is the units digit of a?
6
Let a(c) = -c**2 + 3*c + 9. Let u be a(4). Suppose -u*o = -0 - 10. What is the units digit of o?
2
Let y = 4162 - 2951. What is the hundreds digit of y?
2
Let z(i) = 6*i + 14. Let k be z(-8). Let q = k + 62. What is the tens digit of q?
2
Let p(x) = 30*x**2 - 16*x - 6. What is the hundreds digit of p(9)?
2
Let o(r) = 15*r**2 - 5*r - 12. What is the units digit of o(-2)?
8
Suppose -4*j + 2238 = -2*n + n, 0 = 3*j + 3*n - 1686. What is the units digit of j?
0
Suppose 3*b + 2*b = -2*x + 43, 4*x - 95 = -b. Suppose -9*t + x = -5*t. What is the units digit of t?
6
Suppose 3*m = 3*w - 18, m = -4*w - w + 18. Let g(j) = 20*j - 12. What is the tens digit of g(w)?
6
Let k(n) = 36*n**2 + 16*n + 297. What is the hundreds digit of k(-11)?
4
Suppose 10*u - 9*u = 10. Suppose -u + 1 = -3*y. Suppose -85 = -2*d - 5*v, y*d = -6*v + 2*v + 117. What is the units digit of d?
5
Let l be -1*(-3 + 2 + (2 - 2)). What is the tens digit of (-2)/(-4)*(l - -1)*89?
8
Let i = 5 + -1. Suppose -i*x + 3*x + 6 = 0. Suppose -x*f + 9*f = 60. What is the units digit of f?
0
Suppose 7*l = 2*l + 15. Suppose -9 = l*b + 3. What is the tens digit of (-6)/b + 236/8?
3
Let t be (-41)/3 + 2 + 2/3. Let a = 18 - t. What is the units digit of a?
9
Suppose -7 = -0*g + g + 3*p, -5*g + 5*p = 135. Let a be 4/(-6) + g/3. Let q = a + 14. What is the units digit of q?
6
Let f(d) = 2*d - 2. Let u be f(-3). Let z = 46 - u. What is the units digit of z?
4
Let w(x) be the first derivative of 5*x**2/2 + 139*x - 15. What is the tens digit of w(0)?
3
Suppose 0 = -3*c + 2*c + 7*c. What is the units digit of (c - 1)/((-12)/1032)?
6
Let g be (7/(-21))/((-1)/54). What is the units digit of ((-330)/g - 2)/((-2)/12)?
2
Let m(z) = -z**3 + 8*z**2 + 9*z + 3. Let v be m(9). Suppose -162 = -3*a - v*s, -2*s + 0*s = -4*a + 198. Let b = a - 33. What is the tens digit of b?
1
Let c be ((-3)/(15/(-10)))/((-2)/(-11)). Let n(f) = -f**3 + 13*f**2 - 14*f + 25. What is the tens digit of n(c)?
1
What is the units digit of 1*(1/(-5) - (-2844)/20)?
2
Let r = 818 + -446. What is the hundreds digit of r?
3
Let h = -14 + 83. Let c = 173 - h. What is the units digit of c?
4
Suppose 5*n + 2*z = 22, z - 4*z = 3*n - 15. Suppose 1 - 625 = -4*b - n*u, b - 136 = 4*u. What is the units digit of b?
2
Suppose 181*m = 177*m - 5*h + 15680, 0 = 5*h. What is the hundreds digit of m?
9
Let q be (24/(-2))/((-3)/(6/2)). Suppose 2*y - s - q = 0, 5*y = 5*s - 2*s + 31. What is the units digit of y?
5
Suppose -2*m - 70 = -5*m + 2*s, 4*m + 4*s - 120 = 0. Suppose 45*o = 46*o - m. What is the units digit of o?
6
Let f = 33 + 67. Suppose 4*w = f + 152. What is the tens digit of w?
6
Suppose -471 = -4*y - 3*i, -5*i - 104 = -y - 3*i. What is the units digit of y?
4
Suppose 4*r = -c - 5, 5*c + r = 3*r + 19. Let h = -3 + -3. What is the tens digit of 1/c - 220/h?
3
Let r(t) = 126*t**2 - 43*t + 7. What is the units digit of r(-3)?
0
Suppose -5*w - 1 = c - 0*c, 2 = -2*w. Suppose 2*m = -3*h + 97 + 176, 0 = 4*m + c*h - 540. What is the units digit of m?
2
Suppose 47 = -l - 136. Let a = -70 - l. Suppose 5*d + 18 - a = 0. What is the units digit of d?
9
Let m(y) = -2 - 141*y**2 + 140*y**2 + 8*y - 6. What is the units digit of m(6)?
4
Let x(g) = -2*g**3 - g + 8. Let c be x(0). Let l be 4 + 1*c/(-4). Suppose -l*a + 94 = -3*r, 2*a + 2*r - 3*r - 94 = 0. What is the units digit of a?
7
Let k(q) = -19*q - 132. What is the units digit of k(-7)?
1
Let u(f) = -f**3 - 3*f**2 - 2*f - 1. Let n be u(-3). Suppose 42 = -4*b + 5*b. Suppose n*w - b = 108. What is the tens digit of w?
3
Suppose 4*i - 5 = -117. Let z be 5/25 + i/(-10). Suppose 0*t + z*t - 2*y + 3 = 0, -3*y = 2*t - 11. What is the units digit of t?
1
Let u = 1715 + -1132. What is the units digit of u?
3
Suppose 103*h = 100*h + 6078. What is the hundreds digit of h?
0
Let r = 260 + 29. What is the hundreds digit of r?
2
Let o(i) = -12*i + 347. What is the units digit of o(-43)?
3
Let w be 12/30 + (-12)/5. Let d(v) = v**2 - 1. Let j be d(w). Suppose 0 = -2*q - 3*g + 37 + 16, 3*q + j*g - 84 = 0. What is the units digit of q?
1
What is the hundreds digit of (-57)/133 - (-5217)/21?
2
Suppose 8*b - 3*b + 10 = 0. Let p be (-17)/3 - b/3. Let t(r) = -4*r - 12. What is the units digit of t(p)?
8
Let z(i) = 5*i - 5*i + 14*i - 35*i - 7. Let t be z(-3). Suppose 6*n - t = 2*n. What is the tens digit of n?
1
Suppose v - 5 = -d - 7, 2*d - 2*v - 4 = 0. Suppose -4*i = -d*i - 272. What is the tens digit of i?
6
Let k = -42 - -65. Let i = k + 97. What is the units digit of i?
0
Suppose -16*y + 31230 = 1342. What is the units digit of y?
8
Let x(j) be the second derivative of 5*j**3/6 - 11*j**2/2 + 3*j. Let h be x(4). Suppose -h*i + 321 = -66. What is the units digit of i?
3
Let x(u) = -u**2 + 7. Let y be x(3). Let k be y/6 - 340/(-30). Suppose -k = m - 2*m. What is the units digit of m?
1
Let k be (-9)/4*128/(-12). Suppose 3*p - 2*p = k. What is the tens digit of p?
2
Let p be 3/(-3)*(2 - -1 - 3). Let b(k) = k**2 + 3*k + 57. What is the tens digit of b(p)?
5
Let l(w) = -w**3 + 29*w**2 - 7*w - 34. What is the units digit of l(19)?
3
Suppose -3*n + 1325 = 5*f, 0 = 3*n + 2*n + f - 2245. What is the units digit of n?
0
Suppose -q + 5*i = -535, 3*q = 4*q - 4*i - 537. What is the hundreds digit of q?
5
Let d(v) = -4*v**3 - 2*v**2 - 3*v - 5. Let b be d(-2). Suppose -3*z + 173 + b = 0. What is the tens digit of z?
6
Suppose 5*g - 2030 = -5*d, -50*d + 2033 = -45*d + 4*g. What is the hundreds digit of d?
4
Suppose -2*f - 3*f + 15 =